a + 1. Let c be k(-4). Suppose -246 = -5*b - 4*w, w = 6*w + 5. Calculate the greatest common divisor of b and c.
25
Suppose -3*d = -y - 11, -5*y - 16 = -4*d + 2*d. Let q be -3 + (-53)/(-2) - 4/(-8). What is the highest common factor of q and d?
3
Let z be ((15/4)/5)/(22/88). Calculate the highest common factor of 5 and z.
1
Suppose 52 = 2*r + 3*w, 45 + 43 = 4*r + 2*w. What is the highest common divisor of r and 220?
20
Suppose 7 = d + 3*q, 4*d - 8*q = -3*q + 96. Calculate the highest common divisor of d and 152.
19
Suppose -5*n + 9 = -8*n. Let o(l) = 1 + 4 - 2*l**3 - 2*l**2 - 3*l - 7 - l**3. Let k be o(n). What is the highest common divisor of 10 and k?
10
Let x(v) = 13*v - 72. Let y be x(6). What is the greatest common divisor of 6 and y?
6
Suppose 0 = 3*j + 2*j - 1600. Calculate the highest common factor of 10 and j.
10
Let n = -69 - -37. Let x = -8 - n. Calculate the highest common divisor of 6 and x.
6
Let w(q) = q**3 + 16*q**2 + 76*q + 782. Let o be w(-14). What is the highest common factor of 340 and o?
10
Suppose 6*w - 1122 - 378 = 0. Calculate the highest common divisor of 20 and w.
10
Let j be ((-2)/(-8))/((-2)/(-232)). Suppose 51 = u - j. Let c = -8 + 24. What is the highest common factor of c and u?
16
Let y be 6*(2/(-4) + (-2 - -3)). Suppose -n + 42 = 5*a, -y*a - 5 = -17. What is the greatest common divisor of n and 33?
11
Suppose 1280 + 208 = 16*o. What is the greatest common divisor of o and 248?
31
Suppose 0 = -20*j + 16*j + 24. Let g = 8 - j. Let c = 23 - g. What is the highest common divisor of 105 and c?
21
Suppose -4*m - 12 = 0, -4*q + m = -6*q + 9. What is the greatest common divisor of q and 81?
3
Let b(w) = 7*w**2 + 3*w + 2. Let c = 6 - -8. Suppose c = 2*m - 3*q, -4*m + 0*q + 14 = q. Let n be b(m). What is the greatest common factor of 14 and n?
14
Let f(k) be the third derivative of k**6/120 - k**5/10 + 3*k**4/8 - k**3/2 - 12*k**2. Let n be f(4). What is the highest common divisor of 1 and n?
1
Suppose -3*v + 18 = -9. Calculate the highest common divisor of v and 549.
9
Let v be (1 + -2)*(-10)/1. Suppose -4*l + 3*l + 3*g + v = 0, -50 = -5*l + 3*g. Calculate the highest common factor of 10 and l.
10
Suppose -4*c + 5*l = -49, -5*c - 5*l + 95 = -0*l. Suppose -2*t = 4*u - c, -4*u + 0*t + 28 = 5*t. Calculate the greatest common divisor of 2 and u.
2
Let o = 719 - 695. Calculate the greatest common divisor of 228 and o.
12
Suppose -4*f + 6 = -2*f. Suppose -9*d = -6*d - f. Calculate the greatest common factor of 10 and d.
1
Let a = -419 - -431. What is the greatest common divisor of a and 40?
4
Suppose 2*t + 85 = 7*t. Suppose 3*n = -m - 1, 5*m - n = 3*n + 71. Let f = t - m. Calculate the highest common factor of 24 and f.
6
Let w(j) = -75*j - 27. Let o be w(-1). Calculate the highest common divisor of o and 60.
12
Suppose -597*p + 591*p = -360. What is the greatest common divisor of 384 and p?
12
Let x(r) = 6*r**2 + 3*r + 4. Let g be x(-4). Calculate the highest common divisor of 33 and g.
11
Let a be (-488*(-5)/20)/1. Calculate the highest common divisor of 1647 and a.
61
Let d be (-7)/9 + 1 - (-472)/(-18). Let t = 103 + d. Let l = 17 - 10. What is the highest common divisor of l and t?
7
Let q = -732 + 742. What is the highest common factor of q and 260?
10
Let r(t) = 117*t**3 + 5*t - 6. Let g be r(1). Calculate the greatest common factor of g and 87.
29
Suppose -5*g = 2*z - 2*g - 20, -z + 10 = 2*g. Let t(o) = 2*o**3 - 4*o**2 + o + 2. Let f be t(4). What is the greatest common divisor of z and f?
10
Suppose -4*x + 3*x - 118 = -f, -5*x + 580 = 5*f. Calculate the greatest common factor of f and 27.
9
Suppose -s - 27 = -4*s. Suppose s = 2*w + 3. Suppose -w = -p, -3*r + 2*p + 203 = -34. Calculate the greatest common divisor of r and 9.
9
Suppose -26*b + 264 = 18*b. Let x = -14 + 26. Calculate the highest common divisor of b and x.
6
Let u(l) = 0 + 3 + 16*l + 2 + 22*l. Let g be u(4). Let v = g - 53. Calculate the highest common divisor of v and 26.
26
Let n = 478 + 149. Suppose 5*t - n = -172. Calculate the highest common factor of 26 and t.
13
Let g be 1/((-18)/(-356)) + 116/522. Suppose 0*b - 2*b + 4*v + 32 = 0, 4*b - 64 = -4*v. Suppose -b = -z - z. What is the highest common divisor of z and g?
4
Suppose 2*h = i + 43, -h + 2*h - 38 = -5*i. Let n = h - 13. Suppose -18*z = -20*z + 60. Calculate the greatest common divisor of n and z.
10
Let m(u) = 89*u - 1. Let c be -1*(0 + 0) + 1. Let q be m(c). What is the greatest common divisor of q and 11?
11
Let r be 2/9 - (-559)/117. Suppose -109 = -2*j - o, 2*j - 60 = j + r*o. What is the greatest common factor of 11 and j?
11
Suppose -31 = 5*m - 4*m. Let w = 41 - 63. Let y = w - m. Calculate the greatest common divisor of y and 63.
9
Let s be 1558 - 1 - (-2 + 10)/4. What is the highest common divisor of 5 and s?
5
Suppose 4*m + 4*k - 20 = 3*k, -3*k + 20 = 4*m. Suppose -m*c + 80 + 5 = 0. What is the highest common divisor of 272 and c?
17
Suppose 2 + 8 = -5*p. Let z be p*(-5 + 2) + 2. Let l be (-100)/(-36) + -3 - 650/(-9). Calculate the highest common factor of l and z.
8
Suppose q = -5*i + 67 - 8, -5*i = -5*q + 205. Calculate the highest common factor of 748 and q.
44
Let w be ((-28)/6)/((-20)/30). What is the greatest common divisor of 21 and w?
7
Suppose -y = -5*m - 747, 6*y = 7*y - m - 763. Calculate the highest common divisor of 59 and y.
59
Let g = -5 - 3. Let q be (2/(-4))/(2/g). Suppose -m = m - q. What is the highest common divisor of m and 3?
1
Let p(n) be the third derivative of -n**5/60 + 13*n**4/24 - n**3 + 7*n**2. Let b be p(11). Calculate the greatest common divisor of b and 16.
16
Let a = -229 + 77. Let m = 88 + a. Let x be (-6)/2 + 2 - m. What is the greatest common factor of 21 and x?
21
Suppose 4*f + q - 331 = 0, 2*f + 4*q - 241 = -93. What is the greatest common factor of f and 420?
84
Suppose 0 = -4*w - 12, h = -20*w + 18*w. Calculate the greatest common divisor of 33 and h.
3
Let k(g) = g**3 - 21*g**2 + 57*g + 40. Let f be k(18). What is the highest common factor of 4 and f?
2
Let m = -691 - -719. Calculate the highest common factor of m and 644.
28
Let u(x) = 2*x - 8. Let g = -7 - -13. Let v be (-48)/(-4)*3/g. Let k be u(v). What is the highest common factor of 4 and k?
4
Let a = -1002 - -1065. Suppose -21 + 151 = 5*t. Let d = -17 + t. Calculate the highest common divisor of d and a.
9
Let k = -2279 + 2291. Calculate the highest common factor of k and 678.
6
Let m = -24 + 93. Let k be 12/20 + 1232/55. Calculate the greatest common factor of m and k.
23
Let d(h) = 23*h**2 + 2*h - 3. Let m(p) = 24*p**2 + 2*p - 4. Let n(q) = 5*d(q) - 4*m(q). Let j be n(-1). What is the highest common factor of j and 54?
18
Suppose -87 = -2*s - 3*d, -68 - 70 = -3*s - 2*d. What is the highest common factor of s and 176?
16
Let j(a) = 12*a**2. Let z be j(-1). Suppose 5*y = -5*d, 3*y = 2*d - d + 8. Suppose -12 = -2*o - y*o. What is the highest common factor of z and o?
3
Let i = 25 - -3. Let d(q) = -q**2 - 3*q + 10. Let s be d(3). Let o = 15 + s. Calculate the greatest common divisor of i and o.
7
Suppose 2*k - 8 = -24. Let u = k + 68. What is the highest common factor of u and 45?
15
Suppose -5 = -i + 9. Let k(x) = -x**3 - 7*x**2 - x - 13. Let w be k(-7). Let g = w + i. What is the greatest common factor of g and 72?
8
Let t(y) = -3*y**2 + 40*y - 6. Let f be t(13). Suppose -f*o = -o - 1782. Calculate the greatest common divisor of 27 and o.
27
Suppose 19*o = 13992 - 3219. What is the greatest common factor of 35 and o?
7
Let n(i) = i**3 + 16*i**2 + 9*i + 13. Let g be n(-12). What is the greatest common factor of g and 74?
37
Let c be ((-468)/(-24))/(-13) + (-163)/(-2). Let w(b) = 12*b - 4. Let k be w(3). What is the greatest common divisor of k and c?
16
Let r = 111 + -185. Let m = r + 19. Let o = -25 - m. Calculate the highest common divisor of o and 10.
10
Suppose -119 = -4*q - 99. Suppose -3*k - u = k + 1, -2*u = 3*k + 7. Let f be 3/6*(1 + k). What is the greatest common divisor of f and q?
1
Suppose 4*s + 4*o - 732 = 0, -4*s - 12 = 5*o - 747. Calculate the highest common factor of s and 4.
4
Let b be -1 + 132 + 7/(21/12). Calculate the greatest common divisor of b and 450.
45
Let u = -27 + 13. Let n = -10 - u. Let s = n + -2. What is the highest common divisor of s and 4?
2
Let c